= 319 - 188. What is the units digit of y?
1
Let t(y) = y**3 - 7*y**2 + 2*y - 10. What is the units digit of t(7)?
4
Let u(l) = 4*l**2 - 2*l - 5. Let z be u(-3). Let i = 82 - z. What is the tens digit of i?
4
Let h = 49 + -30. What is the tens digit of h?
1
Suppose 3 = w - 4*b, -w = w - 4*b - 14. What is the units digit of w?
1
Let r = 388 + -115. What is the units digit of r?
3
Suppose 4*j + 15 = 3*c, -5*j + 4*j = 3*c. Let b = 1 - j. What is the units digit of b?
4
Let h(v) = v - 3. Let i be h(-6). Let b(j) = -j**3 - 8*j**2 + 7*j + 13. What is the tens digit of b(i)?
3
Let n = 140 + -81. What is the units digit of n?
9
Let x(o) = -o**3 - 7*o**2 + o. What is the tens digit of x(-8)?
5
Suppose 0 = -4*g + 66 - 2. Suppose s - 5*x - 43 = -g, 0 = s + x + 3. What is the units digit of s?
2
Let d be -12 - (3 - (3 + 2)). What is the units digit of 4/d - (-51)/15?
3
Suppose 8*a = 5*a - 3*c + 21, 0 = 2*a - 4*c - 8. Let x = a - -5. What is the tens digit of x?
1
Suppose 2*s = -s + 18. Suppose -3*x - 2 = h, 0 = 2*h - h - 5*x - s. Suppose o - 3*b - 17 = 0, 4*b + h = -5*o + 10. What is the units digit of o?
5
Let i(f) = 8*f**2 - f - 2. Let h be i(-2). Suppose 5*r + 68 = -4*n, -22 = 3*r - 2*n + h. What is the units digit of r/(-2)*70/40?
4
What is the tens digit of ((-68)/6)/((-8)/12)?
1
Suppose -3*g + 2*w = g - 130, -3*w - 20 = -g. What is the units digit of g?
5
Suppose -4 - 6 = 5*p. Let b = p - -4. Suppose 5*g = 10, 0 = -w + 4*g + b - 5. What is the units digit of w?
5
Let z = 109 - 62. What is the units digit of z?
7
What is the units digit of (16/6)/(20/30)?
4
Let i be (-1)/(-6) + 23/6. Suppose g + i = v, 1 - 5 = -v + 5*g. Suppose -v*b + 33 = -b. What is the units digit of b?
1
Let j = -35 + 80. What is the units digit of j?
5
Let k(y) = 12*y**2 - 13*y + 4. What is the units digit of k(5)?
9
Suppose 0 = 5*r - 57 + 17. Let t(j) = 3*j - 12. What is the units digit of t(r)?
2
Suppose 2*x = -3*m + 175, -7 + 56 = m + 3*x. What is the tens digit of m?
6
Suppose -3*s = -30 - 0. Suppose -3*l + 3*v = -l + 10, 0 = -2*l - 4*v - s. What is the units digit of (-84)/(-15) + (-2)/l?
6
Let l be (-3)/((-2)/2) + -1. Let p(m) = -l - 2*m + 0 - 3*m + 0. What is the units digit of p(-2)?
8
Suppose -5*x + 6*x = 52. What is the units digit of x?
2
Let a = 5 - 6. Let h(n) = 2*n + 1. Let m be h(a). What is the units digit of (m - 2/4)*-2?
3
Let o = 2 + 1. Let h be ((-28)/(-21))/((-4)/(-6)). Suppose o = -n - b - 0, h*b = -8. What is the units digit of n?
1
Let h(m) = m**2 - 2*m - 3. Suppose -2*i - 5*r + 10*r = -16, 0 = i - 3*r - 10. What is the units digit of h(i)?
5
Suppose -n - 4*n - 5 = -3*d, 0 = -3*n + 4*d - 14. Suppose 60 = 5*v + 5*g, 0 = -g - n + 5. What is the units digit of v?
9
Let h(g) = 4*g**2 + 5*g - 5. Let c(z) = -5*z**2 - 6*z + 6. Let t(u) = 5*c(u) + 6*h(u). Let m be t(0). Suppose 0 = -2*r - m*r + 18. What is the units digit of r?
9
Suppose -2*c + 1 = o, c = 2*o + 6*c - 5. Let a(f) be the second derivative of f**4/12 + f**3/6 - 2*f**2 + 2*f. What is the units digit of a(o)?
6
Let h(q) = q**2 + 6*q - 3. Let m be h(-6). Let s be -2*m/(3/1). Suppose -s*a + 0*a + 2*f = -6, 3*a - 5*f - 7 = 0. What is the units digit of a?
4
Let v be ((-3)/(-9))/((-1)/3). Let h(x) = 2*x - 1. Let o be h(v). Let y = o - -10. What is the units digit of y?
7
Let o be (-14)/(-4)*(-120)/(-70). Suppose -2*u + 5*x = -o*u + 70, -5*u = -x - 102. What is the tens digit of u?
2
Let h be 5/3*(2 + -14). Suppose 5*l - 6 = 3*k - 4, -k - 2*l = 19. Let u = k - h. What is the tens digit of u?
1
Let o(i) = i**3 + 7*i**2 + 2*i - 1. Let q be o(-6). Suppose -j + q = -0*j. Suppose 2*p = -0*p + 3*n + j, -n = 3*p - 40. What is the tens digit of p?
1
Let m(v) = v**2 - 2*v. Let x be 6 - 4 - -2*1. Let s be m(x). What is the units digit of s/36 - (-25)/9?
3
Let z = 0 + 7. Let m(j) = z*j + 2*j + 0*j. What is the units digit of m(1)?
9
Let p(y) = -4*y**3 - 2*y**2 + 1. Let w be p(-1). Suppose -w*r - 48 = r. What is the tens digit of 8/r*(-45)/2?
1
Suppose 0*j - 92 = -2*j - 4*t, -3*j = -4*t - 168. What is the tens digit of j?
5
Suppose 5*g - 4 + 11 = 2*n, 2*g + 6 = 4*n. Let x(z) = -z**2 - 5*z + 0*z - z + n. What is the units digit of x(-6)?
1
Let r(k) = -k**2 - 7*k + 7. Suppose 0 = b - 2. Suppose 2 = -3*u + b*m - 22, 5*u = 2*m - 36. What is the units digit of r(u)?
3
Let q(u) = 2*u**2 - 15*u - 3. Let y(d) = d**2 - 7*d - 1. Let c(r) = -4*q(r) + 7*y(r). Suppose -17 = -3*i + 16. What is the units digit of c(i)?
5
Let r(x) = x**3 + 8*x**2 + x + 10. Let g be 60/(-9)*(-18)/(-15). Let d be r(g). Suppose -d*m = -7*m + 25. What is the units digit of m?
5
Let b = 13 + -10. Let a = 13 + b. What is the tens digit of a?
1
Let y = -6 - -5. Let k = y + 0. Let z = 0 - k. What is the units digit of z?
1
Suppose -3*i = 4*q - 24, i = -2*q - q + 13. What is the units digit of q?
3
Suppose o - 5*o = 28. Let k be 15 + 3 + -4 + (6 - 3). Let g = k + o. What is the units digit of g?
0
Suppose 3*g - 318 = -6*v + 3*v, g + 5*v - 126 = 0. What is the tens digit of g?
0
Suppose -5*j = -4*k + 2*k - 144, -3*j - 176 = 2*k. Let g = 129 + k. What is the units digit of g?
7
Let i = -7 - -9. Suppose -i*l = l - 3*k - 3, 4*k = 16. What is the units digit of l?
5
Suppose 3 = b + 6. What is the units digit of (b + -31)/2*-1?
7
Let y(r) = 4*r - 10 - 4*r - 3*r. What is the units digit of y(-7)?
1
Suppose 4*s - 59 = 5*j, 3*s = 2*s - 4*j - 1. What is the units digit of s?
1
Let d be 10/(-3)*12/10. Let t be (-39)/12 + (-1)/d. Let f = t - -8. What is the units digit of f?
5
Let p(f) = -f**2 - 38*f - 24. What is the units digit of p(-12)?
8
Suppose 4*p = 2*t + 84, -3*p + 63 = t - 0*t. What is the tens digit of p?
2
Let n(h) = -h**2 - 15*h + 16. What is the tens digit of n(-8)?
7
Suppose 3*w = 2*q - 15, q = -2*q - 2*w + 3. Suppose -4*u - 5 - 17 = -q*h, 5*h = -4*u + 26. What is the units digit of h?
6
Let y(p) be the first derivative of 2*p**3/3 - p**2 - 2*p + 1. Let c be y(2). Suppose -c*i + 7*i - 14 = -q, 0 = -4*i - 5*q + 7. What is the units digit of i?
3
Let y = 8 + -11. Let w(h) = -4*h + 1. What is the tens digit of w(y)?
1
Suppose -4*y + 29 = -2*m - m, 0 = -5*y - 5*m + 10. Suppose y*r - 7 = 13. What is the units digit of r?
4
Let i = 7 - 19. What is the tens digit of (-4)/(-24) - 190/i?
1
Suppose -l = -4*l - 5*z - 1, 5*l = -2*z + 11. Suppose 5 + 7 = l*u. Suppose 0 = -c + 3*c + 5*d + 19, 14 = -2*c - u*d. What is the units digit of c?
3
Let t(f) = -f + 14. Let o(s) = 6*s - 70. Let w = 4 + -2. Let z(y) = w*o(y) + 11*t(y). What is the units digit of z(-8)?
6
Let t(x) be the first derivative of -x**2/2 - x + 1. What is the units digit of t(-7)?
6
Suppose 3*g + 3*t + t - 16 = 0, 0 = -4*g - 3*t + 26. What is the units digit of (20/g)/(1/4)?
0
Let o = -31 + 91. What is the tens digit of o?
6
Suppose 16*s = 18*s - 196. What is the units digit of s?
8
Let j = 1 - -3. Let a = 8 - j. What is the units digit of a?
4
What is the tens digit of (-1 - 0) + -28 + 215?
8
Suppose -4*f = 2*v - 116, -2*f + 3*v + 2*v + 58 = 0. Suppose -f = -4*r + 15. What is the units digit of r?
1
Let b = -1 + -1. Let g be 5 + (-1)/b*-2. Let l = 10 - g. What is the units digit of l?
6
Suppose -7*l + 19 = -478. What is the tens digit of l?
7
Suppose 4*z - 16 = -0*z. Let l(d) = d**2 - d + 3. What is the tens digit of l(z)?
1
Suppose -3*p + 24 = 3*r, p + 0*p = 3*r - 4. What is the units digit of p?
5
Suppose -4*h = h. Suppose k - 4 = -h*k. What is the units digit of 0 - 2/k*-2?
1
Let v = -29 + 3. Let s = 39 + v. What is the tens digit of s?
1
Let a be 6*-2*(-2)/8. Suppose -c - a*c = -2*r + 6, -4*c + 4 = 0. What is the units digit of r?
5
Let j(t) = -t + 3. Let i be j(5). Let h = 1 - i. Suppose -h = -3*l + 12. What is the units digit of l?
5
Let r(c) = -7*c + 1 - 3 - 16*c**2 + 17*c**2. What is the units digit of r(8)?
6
Let i be -1 + 1 - (3 - (-2 + 3)). Let n(a) = 2*a**2 + 2*a + 3. Let r(y) = y**2 + y + 1. Let c(j) = -n(j) + 5*r(j). What is the units digit of c(i)?
8
Let t(r) = 6*r + 4*r + 5 - 3*r + 2*r. What is the units digit of t(5)?
0
Let y(j) be the second derivative of 0 + j**3 + j**2 + 2*j + 1/2*j**4 + 1/20*j**5. What is the units digit of y(-4)?
0
Let w be (-6)/(-4)*(-4)/(-6). What is the units digit of (2/5)/(w/5)?
2
Let p(h) = h**2 - 10*h + 3. Let y be p(5). Let t = -11 - y. What is the tens 